 1063376171?
True
Is 13310840 a multiple of 220?
False
Is 6159682232 a multiple of 41?
True
Is 235943786 a multiple of 1052?
False
Is 13 a factor of 111615010?
True
Is 459 a factor of 102983535?
True
Does 6 divide 651388631?
False
Is 2222 a factor of 2080950387?
False
Is 1324 a factor of 2797970858?
False
Is 19 a factor of 144112720?
True
Is 382 a factor of 1038101044?
True
Is 1493506773 a multiple of 291?
False
Is 351231355 a multiple of 5?
True
Is 778832875 a multiple of 54?
False
Is 21216664 a multiple of 56?
True
Does 4 divide 2909364?
True
Is 21540162 a multiple of 301?
True
Does 122 divide 100284?
True
Does 53 divide 333255202?
True
Is 1461 a factor of 250479684?
True
Is 402 a factor of 835045656?
True
Does 23 divide 114116271?
True
Is 229247368 a multiple of 14?
True
Is 52496000 a multiple of 26?
False
Does 58 divide 33704090?
True
Does 160 divide 55042240?
True
Is 4 a factor of 304586004?
True
Is 2338 a factor of 142988778?
False
Is 6 a factor of 5217738?
True
Is 759 a factor of 89610898?
False
Is 863179510 a multiple of 294?
False
Is 1277 a factor of 86446328?
False
Is 13 a factor of 179249204?
False
Is 616039742 a multiple of 7?
False
Does 27 divide 51332282?
False
Is 38863510 a multiple of 2630?
True
Is 81208871 a multiple of 1775?
False
Is 445974550 a multiple of 6950?
True
Is 23 a factor of 659988477?
False
Does 3 divide 30580645?
False
Does 247 divide 3383159?
True
Does 1648 divide 1317735856?
True
Is 120 a factor of 306246480?
True
Is 431 a factor of 28445058?
False
Is 9 a factor of 423000450?
True
Is 14 a factor of 935420738?
True
Does 146 divide 70407080?
False
Is 4701068953 a multiple of 102?
False
Is 119388928 a multiple of 16?
True
Is 25 a factor of 19651993?
False
Is 4878256968 a multiple of 72?
True
Does 190 divide 6981170?
True
Is 192 a factor of 80950848?
True
Is 266 a factor of 3980309?
False
Is 128 a factor of 1027719424?
True
Is 79 a factor of 82704888?
False
Does 22 divide 143618816?
True
Is 164281208 a multiple of 182?
True
Is 102 a factor of 214256814?
True
Is 44422020 a multiple of 102?
True
Is 801 a factor of 122295479?
False
Does 12 divide 9308351?
False
Is 1828 a factor of 1732788620?
True
Does 193 divide 33088942?
False
Does 628 divide 5798438?
False
Is 46 a factor of 39616166?
True
Is 62002252 a multiple of 4?
True
Does 342 divide 533401424?
False
Is 20 a factor of 308487080?
True
Is 1540 a factor of 16304000?
False
Is 649 a factor of 334071632?
False
Is 510 a factor of 987916918?
False
Is 286 a factor of 21174456?
False
Does 121 divide 59004682?
True
Does 66 divide 1045701666?
False
Is 22 a factor of 3533456914?
False
Does 1509 divide 7209051?
False
Does 9 divide 33445259?
False
Is 57857205 a multiple of 35?
True
Is 3429 a factor of 27349704?
True
Is 185 a factor of 6050240?
True
Is 28 a factor of 227035695?
False
Is 3183 a factor of 97561624?
False
Does 12 divide 7515516?
True
Is 17 a factor of 6250108395?
True
Is 12 a factor of 5703182077?
False
Is 29 a factor of 10104660?
False
Is 94 a factor of 3626377402?
True
Is 4 a factor of 104534224?
True
Is 65 a factor of 14871140?
False
Is 8 a factor of 1464948008?
True
Is 3 a factor of 11280025?
False
Is 607055924 a multiple of 133?
False
Does 1346 divide 1844527442?
True
Is 6 a factor of 305852124?
True
Is 2086196708 a multiple of 62?
True
Is 113 a factor of 178722067?
False
Is 26147280 a multiple of 6?
True
Is 52914792 a multiple of 56?
True
Is 5916288 a multiple of 224?
True
Is 62241534 a multiple of 6?
True
Is 48660048 a multiple of 16?
True
Is 7 a factor of 12045810?
True
Does 33 divide 1942149?
True
Is 59109525 a multiple of 274?
False
Does 13 divide 46731425?
True
Is 145 a factor of 8130426?
False
Does 319 divide 861914106?
False
Is 173 a factor of 1326120774?
True
Is 13895004 a multiple of 47?
False
Is 100331010 a multiple of 30?
True
Is 115 a factor of 270012517?
False
Is 1314 a factor of 74117098?
False
Is 305842931 a multiple of 67?
False
Is 36369377 a multiple of 11?
True
Is 47712256 a multiple of 1544?
False
Is 20273956 a multiple of 4?
True
Does 1190 divide 587504853?
False
Is 31 a factor of 105503943?
True
Is 38877718 a multiple of 22?
True
Is 710608557 a multiple of 3?
True
Does 163 divide 59646393?
False
Does 528 divide 33113520?
True
Is 41 a factor of 15167628?
False
Is 250554800 a multiple of 2194?
True
Does 202 divide 29045642?
False
Is 4410876848 a multiple of 2828?
True
Is 9 a factor of 9918949?
False
Does 187 divide 2959074723?
True
Is 23671873 a multiple of 135?
False
Does 40 divide 53971932?
False
Is 353073110 a multiple of 130?
True
Is 648 a factor of 5787936?
True
Is 8 a factor of 376761585?
False
Is 47345928 a multiple of 1302?
True
Is 9 a factor of 103026285?
True
Is 16 a factor of 48220813?
False
Is 11 a factor of 8430708?
True
Is 18559776 a multiple of 16?
True
Is 112 a factor of 32120816?
True
Is 978 a factor of 137349342?
True
Is 2902256158 a multiple of 73?
False
Is 72 a factor of 86945954?
False
Is 3535 a factor of 70178323?
False
Is 585 a factor of 516290839?
False
Does 282 divide 11175096?
True
Is 32494983 a multiple of 38?
False
Is 4472930 a multiple of 74?
True
Is 401512014 a multiple of 50?
False
Is 34 a factor of 11457412?
False
Is 237 a factor of 2848214?
False
Is 699 a factor of 5018669717?
False
Is 224 a factor of 125527360?
True
Is 7 a factor of 385437248?
True
Does 1038 divide 1283140557?
False
Is 76 a factor of 137717720?
False
Is 72453607 a multiple of 263?
True
Does 295 divide 1271016164?
False
Is 1025 a factor of 40757676?
False
Is 41677677 a multiple of 29?
False
Is 29219801 a multiple of 13?
True
Is 71718300 a multiple of 100?
True
Is 60432728 a multiple of 4445?
False
Is 963662091 a multiple of 8828?
False
Is 22789440 a multiple of 5?
True
Is 64631995 a multiple of 280?
False
Is 499525753 a multiple of 17?
False
Is 14 a factor of 1485857542?
False
Is 621629536 a multiple of 76?
True
Is 175686922 a multiple of 802?
True
Is 2963169567 a multiple of 1121?
True
Does 160 divide 70119725?
False
Is 2 a factor of 238559400?
True
Is 14575184 a multiple of 8?
True
Is 26257042 a multiple of 98?
True
Does 138 divide 878773374?
True
Is 11551061 a multiple of 1105?
False
Does 8 divide 11692480?
True
Is 141 a factor of 286386204?
False
Is 755 a factor of 376949302?
False
Is 185 a factor of 8400204?
False
Does 468 divide 14918593?
False
Is 7906812 a multiple of 4?
True
Does 40 divide 19903520?
True
Is 19 a factor of 837877371?
True
Does 2531 divide 723202878?
True
Is 256126556 a multiple of 476?
True
Is 12 a factor of 48337656?
True
Is 157 a factor of 587692197?
False
Is 2831162308 a multiple of 41?
False
Is 80 a factor of 2524833200?
True
Is 193860690 a multiple of 15?
True
Is 276 a factor of 561537174?
False
Is 25 a factor of 176286900?
True
Is 687681195 a multiple of 89?
True
Does 184 divide 239445764?
False
Is 2981641 a multiple of 1087?
True
Is 127 a factor of 148939577?
False
Does 99 divide 24450029?
False
Is 79335270 a multiple of 105?
True
Does 2 divide 2146490?
True
Is 60595378 a multiple of 2133?
False
Is 2427 a factor of 24604926?
True
Is 31 a factor of 169697255?
True
Does 3164 divide 242334704?
False
Is 7 a factor of 37552368?
True
Is 8 a factor of 2114324997?
False
Is 10 a factor of 1036793?
False
Does 844 divide 1180155072?
True
Is 10681918 a multiple of 3?
False
Does 17 divide 38307919?
True
Does 70 divide 675384210?
False
Does 537 divide 35607789?
False
Does 141 divide 759682128?
False
Does 22 divide 109887470?
True
Does 9936 divide 407286576?
True
Is 169919750 a multiple of 2002?
True
Is 378638 a multiple of 11?
False
Does 1738 divide 40825620?
True
Does 509 divide 20709174?
True
Is 137 a factor of 948726174?
False
Is 209777558 a multiple of 31?
True
Is 470 a factor of 271623810?
True
Is 8364174 a multiple of 42?
True
Is 198734986 a multiple of 31?
True
Is 235452452 a multiple of 4405?
False
Is 10 a factor of 55135360?
True
Is 54272574 a multiple of 809?
True
Does 15 divide 360337335?
True
Does 1166 divide 4799113424?
False
Is 79728948 a multiple of 27?
True
Is 1584161145 a multiple of 107?
False
Is 1317632568 a multiple of 12?
True
Is 3225589074 a multiple of 18?
True
Is 11 a factor of 400450149?
True
Is 3639 a factor of 598750143?
True
Is 209 a factor of 18773634?
True
Is 62 a factor of 55066664?
True